{"id":99,"date":"2021-08-28T22:49:08","date_gmt":"2021-08-28T20:49:08","guid":{"rendered":"http:\/\/materterra.fr\/?page_id=99"},"modified":"2021-10-02T17:48:16","modified_gmt":"2021-10-02T15:48:16","slug":"la-genese","status":"publish","type":"page","link":"https:\/\/materterra.fr\/?page_id=99","title":{"rendered":"La G\u00e9n\u00e8se"},"content":{"rendered":"\n<p class=\"has-drop-cap has-medium-font-size\">L&rsquo;id\u00e9e est venue il y a un petit bout de temps &#8230;                                                                                                                 Des choses simples. Des valeurs. Le respect d&rsquo;un lieu qui est avant tout une plan\u00e8te partag\u00e9e.                                                                                                        Sans pr\u00e9tention ou le\u00e7on, faire connaitre et partager nos id\u00e9es, nos cr\u00e9ations autour de nous.<\/p>\n\n\n\n<p class=\"has-medium-font-size\">Le choix du format associatif (sans but lucratif) convenait parfaitement \u00e0 notre philosophie.<\/p>\n\n\n\n<div class=\"wp-block-image\"><figure class=\"aligncenter size-medium\"><img decoding=\"async\" width=\"300\" height=\"247\" data-src=\"http:\/\/materterra.fr\/wp-content\/uploads\/2021\/08\/Tamponr-300x247.jpg\" alt=\"\" class=\"wp-image-90 lazyload\" data-srcset=\"https:\/\/materterra.fr\/wp-content\/uploads\/2021\/08\/Tamponr-300x247.jpg 300w, https:\/\/materterra.fr\/wp-content\/uploads\/2021\/08\/Tamponr.jpg 730w, https:\/\/materterra.fr\/wp-content\/uploads\/2021\/08\/Tamponr-73x60.jpg 73w\" data-sizes=\"(max-width: 300px) 100vw, 300px\" src=\"data:image\/svg+xml;base64,PHN2ZyB3aWR0aD0iMSIgaGVpZ2h0PSIxIiB4bWxucz0iaHR0cDovL3d3dy53My5vcmcvMjAwMC9zdmciPjwvc3ZnPg==\" style=\"--smush-placeholder-width: 300px; --smush-placeholder-aspect-ratio: 300\/247;\" \/><\/figure><\/div>\n\n\n\n<h2 class=\"wp-block-heading\">La philosophie de l&rsquo;asso<\/h2>\n\n\n\n<p class=\"has-black-color has-text-color\">Le souhait de notre association est de donner une seconde vie et usage \u00e0 des \u00e9l\u00e9ments naturels. Nous expliquons tout cela en d\u00e9tails dans la rubrique <a href=\"http:\/\/materterra.fr\/?page_id=20\" data-type=\"page\" data-id=\"20\"><strong>nous connaitre<\/strong><\/a> <\/p>\n\n\n\n<p>Comme toutes association issue de la Loi 1901, nous faisons aucun b\u00e9n\u00e9fice financier personnel. Nous demandons une participation financi\u00e8re sous forme de don pour les objets cr\u00e9\u00e9s qui sert :<\/p>\n\n\n\n<ul class=\"wp-block-list\"><li>\u00e0 financer le mat\u00e9riel utilis\u00e9 lors de la cr\u00e9ation des objets ;<\/li><li>en fin d&rsquo;ann\u00e9e l&rsquo;exc\u00e9dant financier est revers\u00e9 \u00e0 une association pour la lutte contre contre la d\u00e9forestation.<\/li><\/ul>\n\n\n\n<hr class=\"wp-block-separator has-text-color has-background has-vivid-cyan-blue-background-color has-vivid-cyan-blue-color\"\/>\n\n\n\n<h2 class=\"wp-block-heading\">Le nom de l&rsquo;association<\/h2>\n\n\n\n<p>L&rsquo;association se nomme MATERRA. Nous avons choisi ce jeu de mots en hommage \u00e0 notre M\u00e8re Terre ou terre nourrici\u00e8re (en latin MATER TERRA) et \u00e0 l&rsquo;appellation Ma Terra, pour notre plan\u00e8te (si vous \u00eates connaisseur en latin, la vraie traduction serait Mea Terra).<\/p>\n\n\n\n<p>Avec le nom \u00a0\u00bb MATERRA &#8211; Mater Terra \u00a0\u00bb nous esp\u00e9rons sensibiliser les habitants de la plan\u00e8te sur la pr\u00e9servation des ressources. Nous sommes loin d&rsquo;\u00eatre la seule association pour cette vocation et tant mieux.<\/p>\n\n\n\n<hr class=\"wp-block-separator has-text-color has-background has-vivid-cyan-blue-background-color has-vivid-cyan-blue-color\"\/>\n\n\n\n<h2 class=\"wp-block-heading\">Le logo<\/h2>\n\n\n\n<p>Le logo regroupe les 4 \u00e9l\u00e9ments de la vie : la terre, l&rsquo;air, l&rsquo;eau et le feu. il y a plusieurs \u00e9coles donnant d&rsquo;autres \u00e9l\u00e9ments. La diversit\u00e9 de pens\u00e9e permet la cr\u00e9ativit\u00e9 : encourageons la.<\/p>\n\n\n\n<p>Nous avons souhait\u00e9 identifier chacune de nos cr\u00e9ations avec ce logo. Nous avons choisi le tampon \u00e0 chaleur qui restait dans la philosophie (pas d&rsquo;encre, pas de peinture &#8230; pas de produit chimique).<\/p>\n\n\n\n<div class=\"wp-block-columns is-layout-flex wp-container-core-columns-is-layout-9d6595d7 wp-block-columns-is-layout-flex\">\n<div class=\"wp-block-column is-layout-flow wp-block-column-is-layout-flow\">\n<div class=\"wp-block-image\"><figure class=\"aligncenter size-full\"><img decoding=\"async\" width=\"730\" height=\"548\" data-src=\"http:\/\/materterra.fr\/wp-content\/uploads\/2021\/09\/Tampon-logo-Asso1-rotated.jpg\" alt=\"\" class=\"wp-image-174 lazyload\" data-srcset=\"https:\/\/materterra.fr\/wp-content\/uploads\/2021\/09\/Tampon-logo-Asso1-rotated.jpg 730w, https:\/\/materterra.fr\/wp-content\/uploads\/2021\/09\/Tampon-logo-Asso1-300x225.jpg 300w, https:\/\/materterra.fr\/wp-content\/uploads\/2021\/09\/Tampon-logo-Asso1-80x60.jpg 80w\" data-sizes=\"(max-width: 730px) 100vw, 730px\" src=\"data:image\/svg+xml;base64,PHN2ZyB3aWR0aD0iMSIgaGVpZ2h0PSIxIiB4bWxucz0iaHR0cDovL3d3dy53My5vcmcvMjAwMC9zdmciPjwvc3ZnPg==\" style=\"--smush-placeholder-width: 730px; --smush-placeholder-aspect-ratio: 730\/548;\" \/><figcaption>Logo MATERRA<\/figcaption><\/figure><\/div>\n<\/div>\n\n\n\n<div class=\"wp-block-column is-layout-flow wp-block-column-is-layout-flow\">\n<div class=\"wp-block-image\"><figure class=\"aligncenter size-full\"><img decoding=\"async\" width=\"730\" height=\"548\" data-src=\"http:\/\/materterra.fr\/wp-content\/uploads\/2021\/09\/Tampon-logo-Asso3.jpg\" alt=\"\" class=\"wp-image-176 lazyload\" data-srcset=\"https:\/\/materterra.fr\/wp-content\/uploads\/2021\/09\/Tampon-logo-Asso3.jpg 730w, https:\/\/materterra.fr\/wp-content\/uploads\/2021\/09\/Tampon-logo-Asso3-300x225.jpg 300w, https:\/\/materterra.fr\/wp-content\/uploads\/2021\/09\/Tampon-logo-Asso3-80x60.jpg 80w\" data-sizes=\"(max-width: 730px) 100vw, 730px\" src=\"data:image\/svg+xml;base64,PHN2ZyB3aWR0aD0iMSIgaGVpZ2h0PSIxIiB4bWxucz0iaHR0cDovL3d3dy53My5vcmcvMjAwMC9zdmciPjwvc3ZnPg==\" style=\"--smush-placeholder-width: 730px; --smush-placeholder-aspect-ratio: 730\/548;\" \/><figcaption>Logo MATERRA<\/figcaption><\/figure><\/div>\n<\/div>\n<\/div>\n","protected":false},"excerpt":{"rendered":"<p>L&rsquo;id\u00e9e est venue il y a un petit bout de temps &#8230; Des choses simples. Des valeurs. Le respect d&rsquo;un lieu qui est avant tout une plan\u00e8te partag\u00e9e. Sans pr\u00e9tention ou le\u00e7on, faire connaitre et partager nos id\u00e9es, nos cr\u00e9ations autour de nous. Le choix du format associatif (sans but lucratif) convenait parfaitement \u00e0 notre&hellip; <a class=\"more-link\" href=\"https:\/\/materterra.fr\/?page_id=99\">Poursuivre la lecture <span class=\"screen-reader-text\">La G\u00e9n\u00e8se<\/span><\/a><\/p>\n","protected":false},"author":1,"featured_media":0,"parent":0,"menu_order":0,"comment_status":"closed","ping_status":"closed","template":"","meta":{"footnotes":""},"class_list":["post-99","page","type-page","status-publish","hentry","entry"],"yoast_head":"<!-- This site is optimized with the Yoast SEO plugin v25.8 - https:\/\/yoast.com\/wordpress\/plugins\/seo\/ -->\n<title>La G\u00e9n\u00e8se &#8226; Bienvenue sur le site de l&#039;association<\/title>\n<meta name=\"robots\" content=\"index, follow, max-snippet:-1, max-image-preview:large, max-video-preview:-1\" \/>\n<link rel=\"canonical\" href=\"https:\/\/materterra.fr\/?page_id=99\" \/>\n<meta property=\"og:locale\" content=\"fr_FR\" \/>\n<meta property=\"og:type\" content=\"article\" \/>\n<meta property=\"og:title\" content=\"La G\u00e9n\u00e8se &#8226; Bienvenue sur le site de l&#039;association\" \/>\n<meta property=\"og:description\" content=\"L&rsquo;id\u00e9e est venue il y a un petit bout de temps &#8230; Des choses simples. Des valeurs. Le respect d&rsquo;un lieu qui est avant tout une plan\u00e8te partag\u00e9e. Sans pr\u00e9tention ou le\u00e7on, faire connaitre et partager nos id\u00e9es, nos cr\u00e9ations autour de nous. Le choix du format associatif (sans but lucratif) convenait parfaitement \u00e0 notre&hellip; Poursuivre la lecture La G\u00e9n\u00e8se\" \/>\n<meta property=\"og:url\" content=\"https:\/\/materterra.fr\/?page_id=99\" \/>\n<meta property=\"og:site_name\" content=\"Bienvenue sur le site de l&#039;association\" \/>\n<meta property=\"article:modified_time\" content=\"2021-10-02T15:48:16+00:00\" \/>\n<meta property=\"og:image\" content=\"http:\/\/materterra.fr\/wp-content\/uploads\/2021\/08\/Tamponr-300x247.jpg\" \/>\n<meta name=\"twitter:card\" content=\"summary_large_image\" \/>\n<meta name=\"twitter:label1\" content=\"Dur\u00e9e de lecture estim\u00e9e\" \/>\n\t<meta name=\"twitter:data1\" content=\"2 minutes\" \/>\n<script type=\"application\/ld+json\" class=\"yoast-schema-graph\">{\"@context\":\"https:\/\/schema.org\",\"@graph\":[{\"@type\":\"WebPage\",\"@id\":\"https:\/\/materterra.fr\/?page_id=99\",\"url\":\"https:\/\/materterra.fr\/?page_id=99\",\"name\":\"La G\u00e9n\u00e8se &#8226; Bienvenue sur le site de l&#039;association\",\"isPartOf\":{\"@id\":\"https:\/\/materterra.fr\/#website\"},\"primaryImageOfPage\":{\"@id\":\"https:\/\/materterra.fr\/?page_id=99#primaryimage\"},\"image\":{\"@id\":\"https:\/\/materterra.fr\/?page_id=99#primaryimage\"},\"thumbnailUrl\":\"http:\/\/materterra.fr\/wp-content\/uploads\/2021\/08\/Tamponr-300x247.jpg\",\"datePublished\":\"2021-08-28T20:49:08+00:00\",\"dateModified\":\"2021-10-02T15:48:16+00:00\",\"breadcrumb\":{\"@id\":\"https:\/\/materterra.fr\/?page_id=99#breadcrumb\"},\"inLanguage\":\"fr-FR\",\"potentialAction\":[{\"@type\":\"ReadAction\",\"target\":[\"https:\/\/materterra.fr\/?page_id=99\"]}]},{\"@type\":\"ImageObject\",\"inLanguage\":\"fr-FR\",\"@id\":\"https:\/\/materterra.fr\/?page_id=99#primaryimage\",\"url\":\"https:\/\/materterra.fr\/wp-content\/uploads\/2021\/08\/Tamponr.jpg\",\"contentUrl\":\"https:\/\/materterra.fr\/wp-content\/uploads\/2021\/08\/Tamponr.jpg\",\"width\":730,\"height\":600,\"caption\":\"G\u00e9n\u00e8se MATERRA - Mater Terra\"},{\"@type\":\"BreadcrumbList\",\"@id\":\"https:\/\/materterra.fr\/?page_id=99#breadcrumb\",\"itemListElement\":[{\"@type\":\"ListItem\",\"position\":1,\"name\":\"Accueil\",\"item\":\"https:\/\/materterra.fr\/\"},{\"@type\":\"ListItem\",\"position\":2,\"name\":\"La G\u00e9n\u00e8se\"}]},{\"@type\":\"WebSite\",\"@id\":\"https:\/\/materterra.fr\/#website\",\"url\":\"https:\/\/materterra.fr\/\",\"name\":\"Bienvenue sur le site de l&#039;association\",\"description\":\"MATERRA ASSOCIATION LOI 1901\",\"publisher\":{\"@id\":\"https:\/\/materterra.fr\/#organization\"},\"potentialAction\":[{\"@type\":\"SearchAction\",\"target\":{\"@type\":\"EntryPoint\",\"urlTemplate\":\"https:\/\/materterra.fr\/?s={search_term_string}\"},\"query-input\":{\"@type\":\"PropertyValueSpecification\",\"valueRequired\":true,\"valueName\":\"search_term_string\"}}],\"inLanguage\":\"fr-FR\"},{\"@type\":\"Organization\",\"@id\":\"https:\/\/materterra.fr\/#organization\",\"name\":\"MATERRA ASSOCIATION\",\"url\":\"https:\/\/materterra.fr\/\",\"logo\":{\"@type\":\"ImageObject\",\"inLanguage\":\"fr-FR\",\"@id\":\"https:\/\/materterra.fr\/#\/schema\/logo\/image\/\",\"url\":\"https:\/\/materterra.fr\/wp-content\/uploads\/2021\/08\/cropped-LOGO-Association-MATERRA-couleur.png\",\"contentUrl\":\"https:\/\/materterra.fr\/wp-content\/uploads\/2021\/08\/cropped-LOGO-Association-MATERRA-couleur.png\",\"width\":1400,\"height\":315,\"caption\":\"MATERRA ASSOCIATION\"},\"image\":{\"@id\":\"https:\/\/materterra.fr\/#\/schema\/logo\/image\/\"}}]}<\/script>\n<!-- \/ Yoast SEO plugin. -->","yoast_head_json":{"title":"La G\u00e9n\u00e8se &#8226; Bienvenue sur le site de l&#039;association","robots":{"index":"index","follow":"follow","max-snippet":"max-snippet:-1","max-image-preview":"max-image-preview:large","max-video-preview":"max-video-preview:-1"},"canonical":"https:\/\/materterra.fr\/?page_id=99","og_locale":"fr_FR","og_type":"article","og_title":"La G\u00e9n\u00e8se &#8226; Bienvenue sur le site de l&#039;association","og_description":"L&rsquo;id\u00e9e est venue il y a un petit bout de temps &#8230; Des choses simples. Des valeurs. Le respect d&rsquo;un lieu qui est avant tout une plan\u00e8te partag\u00e9e. Sans pr\u00e9tention ou le\u00e7on, faire connaitre et partager nos id\u00e9es, nos cr\u00e9ations autour de nous. Le choix du format associatif (sans but lucratif) convenait parfaitement \u00e0 notre&hellip; Poursuivre la lecture La G\u00e9n\u00e8se","og_url":"https:\/\/materterra.fr\/?page_id=99","og_site_name":"Bienvenue sur le site de l&#039;association","article_modified_time":"2021-10-02T15:48:16+00:00","og_image":[{"url":"http:\/\/materterra.fr\/wp-content\/uploads\/2021\/08\/Tamponr-300x247.jpg","type":"","width":"","height":""}],"twitter_card":"summary_large_image","twitter_misc":{"Dur\u00e9e de lecture estim\u00e9e":"2 minutes"},"schema":{"@context":"https:\/\/schema.org","@graph":[{"@type":"WebPage","@id":"https:\/\/materterra.fr\/?page_id=99","url":"https:\/\/materterra.fr\/?page_id=99","name":"La G\u00e9n\u00e8se &#8226; Bienvenue sur le site de l&#039;association","isPartOf":{"@id":"https:\/\/materterra.fr\/#website"},"primaryImageOfPage":{"@id":"https:\/\/materterra.fr\/?page_id=99#primaryimage"},"image":{"@id":"https:\/\/materterra.fr\/?page_id=99#primaryimage"},"thumbnailUrl":"http:\/\/materterra.fr\/wp-content\/uploads\/2021\/08\/Tamponr-300x247.jpg","datePublished":"2021-08-28T20:49:08+00:00","dateModified":"2021-10-02T15:48:16+00:00","breadcrumb":{"@id":"https:\/\/materterra.fr\/?page_id=99#breadcrumb"},"inLanguage":"fr-FR","potentialAction":[{"@type":"ReadAction","target":["https:\/\/materterra.fr\/?page_id=99"]}]},{"@type":"ImageObject","inLanguage":"fr-FR","@id":"https:\/\/materterra.fr\/?page_id=99#primaryimage","url":"https:\/\/materterra.fr\/wp-content\/uploads\/2021\/08\/Tamponr.jpg","contentUrl":"https:\/\/materterra.fr\/wp-content\/uploads\/2021\/08\/Tamponr.jpg","width":730,"height":600,"caption":"G\u00e9n\u00e8se MATERRA - Mater Terra"},{"@type":"BreadcrumbList","@id":"https:\/\/materterra.fr\/?page_id=99#breadcrumb","itemListElement":[{"@type":"ListItem","position":1,"name":"Accueil","item":"https:\/\/materterra.fr\/"},{"@type":"ListItem","position":2,"name":"La G\u00e9n\u00e8se"}]},{"@type":"WebSite","@id":"https:\/\/materterra.fr\/#website","url":"https:\/\/materterra.fr\/","name":"Bienvenue sur le site de l&#039;association","description":"MATERRA ASSOCIATION LOI 1901","publisher":{"@id":"https:\/\/materterra.fr\/#organization"},"potentialAction":[{"@type":"SearchAction","target":{"@type":"EntryPoint","urlTemplate":"https:\/\/materterra.fr\/?s={search_term_string}"},"query-input":{"@type":"PropertyValueSpecification","valueRequired":true,"valueName":"search_term_string"}}],"inLanguage":"fr-FR"},{"@type":"Organization","@id":"https:\/\/materterra.fr\/#organization","name":"MATERRA ASSOCIATION","url":"https:\/\/materterra.fr\/","logo":{"@type":"ImageObject","inLanguage":"fr-FR","@id":"https:\/\/materterra.fr\/#\/schema\/logo\/image\/","url":"https:\/\/materterra.fr\/wp-content\/uploads\/2021\/08\/cropped-LOGO-Association-MATERRA-couleur.png","contentUrl":"https:\/\/materterra.fr\/wp-content\/uploads\/2021\/08\/cropped-LOGO-Association-MATERRA-couleur.png","width":1400,"height":315,"caption":"MATERRA ASSOCIATION"},"image":{"@id":"https:\/\/materterra.fr\/#\/schema\/logo\/image\/"}}]}},"_links":{"self":[{"href":"https:\/\/materterra.fr\/index.php?rest_route=\/wp\/v2\/pages\/99","targetHints":{"allow":["GET"]}}],"collection":[{"href":"https:\/\/materterra.fr\/index.php?rest_route=\/wp\/v2\/pages"}],"about":[{"href":"https:\/\/materterra.fr\/index.php?rest_route=\/wp\/v2\/types\/page"}],"author":[{"embeddable":true,"href":"https:\/\/materterra.fr\/index.php?rest_route=\/wp\/v2\/users\/1"}],"replies":[{"embeddable":true,"href":"https:\/\/materterra.fr\/index.php?rest_route=%2Fwp%2Fv2%2Fcomments&post=99"}],"version-history":[{"count":12,"href":"https:\/\/materterra.fr\/index.php?rest_route=\/wp\/v2\/pages\/99\/revisions"}],"predecessor-version":[{"id":235,"href":"https:\/\/materterra.fr\/index.php?rest_route=\/wp\/v2\/pages\/99\/revisions\/235"}],"wp:attachment":[{"href":"https:\/\/materterra.fr\/index.php?rest_route=%2Fwp%2Fv2%2Fmedia&parent=99"}],"curies":[{"name":"wp","href":"https:\/\/api.w.org\/{rel}","templated":true}]}}